{"id":1178,"date":"2025-11-01T09:35:33","date_gmt":"2025-11-01T16:35:33","guid":{"rendered":"https:\/\/borderwallresistance.com\/?page_id=1178"},"modified":"2026-02-08T20:32:48","modified_gmt":"2026-02-09T03:32:48","slug":"border-community-event-list","status":"publish","type":"page","link":"https:\/\/borderwallresistance.com\/?page_id=1178","title":{"rendered":"Border community event list"},"content":{"rendered":"\n<div class=\"wp-block-group alignfull has-global-padding is-layout-constrained wp-container-core-group-is-layout-d44f821d wp-block-group-is-layout-constrained\" style=\"margin-top:0;margin-bottom:0;padding-top:var(--wp--preset--spacing--50);padding-bottom:var(--wp--preset--spacing--50)\">\n<div class=\"wp-block-group alignwide is-layout-flow wp-block-group-is-layout-flow\">\n<h2 class=\"wp-block-heading\" style=\"font-size:clamp(4.371rem, 4.371rem + ((1vw - 0.2rem) * 8.202), 9.6rem);letter-spacing:-0.02em\">Border events.\/Eventos fronterizos.<\/h2>\n\n\n\n<p>Check out this page (see list below!) for binational border happenings and events with partner and community organizations throughout the US-Mexico border regions (and beyond!). If you have an event to contribute to this page, please <a href=\"mailto: borderwallresistance@gmail.com\">contact us<\/a>!<\/p>\n\n\n\n<p>Una lista de eventos binacionales fronterizos con organizaciones de los dos lados (\u00a1y m\u00e1s all\u00e1). Si tienes un event para compartir, favor de <a href=\"mailto: borderwallresistance@gmail.com\">contactarnos. <\/a><\/p>\n<\/div>\n<\/div>\n\n\n\n<div class=\"wp-block-cover alignfull has-white-color has-text-color\" style=\"margin-top:0;padding-top:4vw;padding-right:4vw;padding-bottom:4vw;padding-left:4vw;min-height:66vh;aspect-ratio:unset;\"><span aria-hidden=\"true\" class=\"wp-block-cover__background has-black-background-color has-background-dim-100 has-background-dim\"><\/span><div class=\"wp-block-cover__inner-container is-layout-flow wp-block-cover-is-layout-flow\">\n<div class=\"wp-block-group has-global-padding is-content-justification-left is-layout-constrained wp-container-core-group-is-layout-d7e6ce0a wp-block-group-is-layout-constrained\">\n<p class=\"has-text-align-left has-text-color\" style=\"color:#ffffff61;font-size:clamp(57.838px, 3.615rem + ((1vw - 3.2px) * 6.094), 120px);font-style:normal;font-weight:700;letter-spacing:-2px;line-height:1;text-transform:uppercase\">border <\/p>\n\n\n\n<h2 class=\"wp-block-heading has-text-align-left has-text-color\" style=\"color:#ffffff61;font-size:clamp(57.838px, 3.615rem + ((1vw - 3.2px) * 6.094), 120px);\">   community<\/h2>\n\n\n\n<h1 class=\"wp-block-heading alignwide has-text-align-left has-text-color\" style=\"color:#ffffff61;font-size:clamp(57.838px, 3.615rem + ((1vw - 3.2px) * 6.094), 120px);\">events\/<\/h1>\n\n\n\n<p class=\"has-text-align-left is-style-text-display is-style-text-display--1\">eventos en las comunidades fronterizas<\/p>\n\n\n\n<p><\/p>\n\n\n\n<p>To add your event, please email us <a href=\"mailto: borderwallresistance@gmail.com\">here<\/a>!\/\u00a1Para contribuir un evento, favor de contactarnos<a href=\"mailto: borderwallresistance@gmail.com\"> aqu\u00ed!<\/a><\/p>\n<\/div>\n<\/div><\/div>\n\n\n\n<div class=\"wp-block-group alignfull has-global-padding is-layout-constrained wp-block-group-is-layout-constrained\" style=\"margin-top:0;margin-bottom:0\">\n<div class=\"wp-block-group alignwide is-layout-grid wp-container-core-group-is-layout-5fdb10e5 wp-block-group-is-layout-grid\" style=\"padding-top:var(--wp--preset--spacing--50);padding-bottom:var(--wp--preset--spacing--50)\">\n<div class=\"wp-block-group is-vertical is-content-justification-stretch is-nowrap is-layout-flex wp-container-core-group-is-layout-627337ab wp-block-group-is-layout-flex\">\n<div class=\"wp-block-group is-vertical is-content-justification-left is-layout-flex wp-container-core-group-is-layout-dd225191 wp-block-group-is-layout-flex\">\n<p class=\"is-style-text-subtitle is-style-text-subtitle--2\"><strong>El 9 de febrero\/February 9th (2026)<\/strong><\/p>\n\n\n\n<p>Santa Ana National Wildlife Refuge is in danger of being walled! Join this action item and &#8220;rally for the refuge&#8221; on February 8th!<\/p>\n\n\n\n<p>\u00a1La reserva natural de Santa Ana en el R\u00edo Grande-r\u00edo Bravo est\u00e1 en peligro de construcci\u00f3n de muro! J\u00fantate a esta acci\u00f3n y apoya al refugio el 8 de febrero!<\/p>\n<\/div>\n<\/div>\n\n\n\n<figure class=\"wp-block-image size-full\"><img loading=\"lazy\" decoding=\"async\" width=\"1545\" height=\"2000\" src=\"https:\/\/borderwallresistance.com\/wp-content\/uploads\/2026\/02\/282E3B69-81FE-4B56-9FAD-A438ABF2DE80.jpg\" alt=\"\" class=\"wp-image-1806\" style=\"aspect-ratio:3\/4;object-fit:cover\" srcset=\"https:\/\/borderwallresistance.com\/wp-content\/uploads\/2026\/02\/282E3B69-81FE-4B56-9FAD-A438ABF2DE80.jpg 1545w, https:\/\/borderwallresistance.com\/wp-content\/uploads\/2026\/02\/282E3B69-81FE-4B56-9FAD-A438ABF2DE80-232x300.jpg 232w, https:\/\/borderwallresistance.com\/wp-content\/uploads\/2026\/02\/282E3B69-81FE-4B56-9FAD-A438ABF2DE80-791x1024.jpg 791w, https:\/\/borderwallresistance.com\/wp-content\/uploads\/2026\/02\/282E3B69-81FE-4B56-9FAD-A438ABF2DE80-768x994.jpg 768w, https:\/\/borderwallresistance.com\/wp-content\/uploads\/2026\/02\/282E3B69-81FE-4B56-9FAD-A438ABF2DE80-1187x1536.jpg 1187w\" sizes=\"auto, (max-width: 1545px) 100vw, 1545px\" \/><\/figure>\n<\/div>\n<\/div>\n\n\n\n<div class=\"wp-block-group alignfull is-style-section-3 has-global-padding is-content-justification-center is-layout-constrained wp-block-group-is-layout-constrained is-style-section-3--3\" style=\"margin-top:0;margin-bottom:0;padding-top:var(--wp--preset--spacing--50);padding-bottom:var(--wp--preset--spacing--50)\">\n<div class=\"wp-block-columns alignwide is-layout-flex wp-container-core-columns-is-layout-47c06fe3 wp-block-columns-is-layout-flex\">\n<div class=\"wp-block-column is-vertically-aligned-top is-layout-flow wp-block-column-is-layout-flow\">\n<div class=\"wp-block-group is-vertical is-content-justification-stretch is-layout-flex wp-container-core-group-is-layout-4781e296 wp-block-group-is-layout-flex\" style=\"min-height:100%\">\n<p class=\"is-style-text-display has-xx-large-font-size is-style-text-display--4\">saturday,  november 15th, 2025<\/p>\n\n\n\n<h2 class=\"wp-block-heading\">San Rafael Valley<\/h2>\n\n\n\n<p>A multicultural border happening of art, performance, and resistance.<\/p>\n\n\n\n<p class=\"has-medium-font-size\" style=\"text-transform:uppercase\">Check out <a href=\"https:\/\/www.instagram.com\/rally.forthevalley\/?igsh=d3E2YWYzYXNnajNs#\" data-type=\"link\" data-id=\"https:\/\/www.instagram.com\/rally.forthevalley\/?igsh=d3E2YWYzYXNnajNs#\">this page<\/a> for more info!<\/p>\n<\/div>\n<\/div>\n\n\n\n<div class=\"wp-block-column is-vertically-aligned-top is-layout-flow wp-block-column-is-layout-flow\">\n<figure class=\"wp-block-image size-large\"><img loading=\"lazy\" decoding=\"async\" width=\"822\" height=\"1024\" src=\"https:\/\/borderwallresistance.com\/wp-content\/uploads\/2025\/11\/IMG_5094-822x1024.jpg\" alt=\"\" class=\"wp-image-1179\" srcset=\"https:\/\/borderwallresistance.com\/wp-content\/uploads\/2025\/11\/IMG_5094-822x1024.jpg 822w, https:\/\/borderwallresistance.com\/wp-content\/uploads\/2025\/11\/IMG_5094-241x300.jpg 241w, https:\/\/borderwallresistance.com\/wp-content\/uploads\/2025\/11\/IMG_5094-768x957.jpg 768w, https:\/\/borderwallresistance.com\/wp-content\/uploads\/2025\/11\/IMG_5094.jpg 1168w\" sizes=\"auto, (max-width: 822px) 100vw, 822px\" \/><figcaption class=\"wp-element-caption\">photo courtesy of <a href=\"https:\/\/www.instagram.com\/rally.forthevalley\/?igsh=d3E2YWYzYXNnajNs#\">rally for the valley<\/a><\/figcaption><\/figure>\n<\/div>\n<\/div>\n<\/div>\n","protected":false},"excerpt":{"rendered":"<p>Border events.\/Eventos fronterizos. Check out this page (see list below!) for binational border happenings and events with partner and community organizations throughout the US-Mexico border regions (and beyond!). If you have an event to contribute to this page, please contact us! Una lista de eventos binacionales fronterizos con organizaciones de los dos lados (\u00a1y m\u00e1s [&hellip;]<\/p>\n","protected":false},"author":2,"featured_media":0,"parent":0,"menu_order":0,"comment_status":"closed","ping_status":"closed","template":"","meta":{"footnotes":""},"class_list":["post-1178","page","type-page","status-publish","hentry"],"_links":{"self":[{"href":"https:\/\/borderwallresistance.com\/index.php?rest_route=\/wp\/v2\/pages\/1178","targetHints":{"allow":["GET"]}}],"collection":[{"href":"https:\/\/borderwallresistance.com\/index.php?rest_route=\/wp\/v2\/pages"}],"about":[{"href":"https:\/\/borderwallresistance.com\/index.php?rest_route=\/wp\/v2\/types\/page"}],"author":[{"embeddable":true,"href":"https:\/\/borderwallresistance.com\/index.php?rest_route=\/wp\/v2\/users\/2"}],"replies":[{"embeddable":true,"href":"https:\/\/borderwallresistance.com\/index.php?rest_route=%2Fwp%2Fv2%2Fcomments&post=1178"}],"version-history":[{"count":8,"href":"https:\/\/borderwallresistance.com\/index.php?rest_route=\/wp\/v2\/pages\/1178\/revisions"}],"predecessor-version":[{"id":1827,"href":"https:\/\/borderwallresistance.com\/index.php?rest_route=\/wp\/v2\/pages\/1178\/revisions\/1827"}],"wp:attachment":[{"href":"https:\/\/borderwallresistance.com\/index.php?rest_route=%2Fwp%2Fv2%2Fmedia&parent=1178"}],"curies":[{"name":"wp","href":"https:\/\/api.w.org\/{rel}","templated":true}]}}